 2, what is 1011100 + 1111110?
11011010
In base 6, what is -1 + 3504404?
3504403
In base 14, what is -3144 + -7?
-314b
In base 11, what is -2 + -98290?
-98292
In base 3, what is 1022 - -120022?
121121
In base 2, what is -100101101000 + -1001101?
-100110110101
In base 7, what is 5066 + 55?
5154
In base 6, what is 2325312 + -5?
2325303
In base 8, what is 10226 - 140?
10066
In base 2, what is 0 + -110111101000101?
-110111101000101
In base 5, what is -11132034 - 3?
-11132042
In base 16, what is f + e66?
e75
In base 7, what is -1 - 1215064?
-1215065
In base 16, what is -19 + -5ef?
-608
In base 9, what is -223 - -1362?
1138
In base 15, what is -2 + -147a7?
-147a9
In base 2, what is -101011101111011 + -11?
-101011101111110
In base 14, what is -4a21 + 4?
-4a1b
In base 14, what is 10734 + 3?
10737
In base 8, what is -5262 - -22?
-5240
In base 10, what is -59583 - 1?
-59584
In base 14, what is 4 - 6?
-2
In base 5, what is 2404 - -22341?
30300
In base 12, what is 3 + 54a3?
54a6
In base 12, what is -6826 + -16?
-6840
In base 14, what is -1457 + -44?
-149b
In base 7, what is 21220 - -1442?
22662
In base 12, what is -2b78 + a?
-2b6a
In base 11, what is 0 - -142?
142
In base 11, what is 569350 - 4?
569347
In base 14, what is -29459 - -2?
-29457
In base 16, what is -1 + -6ad0?
-6ad1
In base 15, what is 1752 - 5?
174c
In base 6, what is 21515 + 4125?
30044
In base 8, what is 576 + -1335?
-537
In base 9, what is 6 + -10538?
-10532
In base 7, what is -226205 - -24?
-226151
In base 6, what is 1322 - -1243?
3005
In base 15, what is -9bd - -270?
-74d
In base 15, what is 36 + -1a5a0?
-1a569
In base 7, what is -4220 - 336?
-4556
In base 14, what is -673 + 84?
-5cd
In base 15, what is 29 - -1b6?
1e0
In base 7, what is -44 + -1522?
-1566
In base 4, what is 12131311 - 1?
12131310
In base 4, what is 11330 - 212101?
-200111
In base 3, what is -110001202202 + 11?
-110001202121
In base 2, what is 10001110010010 - 110?
10001110001100
In base 14, what is 11d - -7dc?
91b
In base 14, what is 1 - d029?
-d028
In base 14, what is -1d128 + 2?
-1d126
In base 8, what is 307 - 15560?
-15251
In base 7, what is -551410 + 4?
-551403
In base 12, what is 5038a + 2a?
503b8
In base 10, what is -358 - 14327?
-14685
In base 5, what is 14 + 13300?
13314
In base 13, what is -3c72 + 5?
-3c6a
In base 6, what is 124415101 + 5?
124415110
In base 4, what is 30322 - -230?
31212
In base 15, what is -47 - -900?
8a8
In base 2, what is 1100011101001011 + 101?
1100011101010000
In base 3, what is 220210102 + 2?
220210111
In base 8, what is -4 - -135222?
135216
In base 16, what is -53 + -91?
-e4
In base 10, what is -16 + -22226?
-22242
In base 2, what is 1011000 + 11101101010?
11111000010
In base 9, what is -5 + -7824?
-7830
In base 10, what is 3 + -146938?
-146935
In base 9, what is -23815 + -24?
-23840
In base 7, what is -1336 + -25664?
-30333
In base 5, what is 1223 + -2212?
-434
In base 13, what is -1 - 2531?
-2532
In base 14, what is -44 - 19c?
-202
In base 4, what is 11111100 - 2?
11111032
In base 13, what is 21 - 7850?
-782c
In base 8, what is -1 + 1017043?
1017042
In base 7, what is 160162 + 5?
160200
In base 8, what is -4 + -221245?
-221251
In base 8, what is -2401236 - 2?
-2401240
In base 6, what is -1 - -1135103?
1135102
In base 11, what is -52 - -502?
460
In base 10, what is 2353 + 582?
2935
In base 2, what is 0 - -11110101000000?
11110101000000
In base 12, what is 3 - -ab669?
ab670
In base 5, what is 22103 + -2240?
14313
In base 15, what is -1 + 870e?
870d
In base 5, what is 12103 - -13443?
31101
In base 5, what is 42 + 22322?
22414
In base 16, what is -6 - 26fbf?
-26fc5
In base 10, what is -12 + 453?
441
In base 3, what is 2221012121 - -1?
2221012122
In base 5, what is 14131 + 1?
14132
In base 16, what is 3acc6 - -16?
3acdc
In base 10, what is 4 + 21417?
21421
In base 8, what is -175770 + 1?
-175767
In base 16, what is -1 + 4f2a?
4f29
In base 5, what is -1140400 - 120?
-1141020
In base 12, what is 5a8 + -39?
56b
In base 13, what is 146 - -5b?
1a4
In base 16, what is -131 - 24a?
-37b
In base 4, what is 1313302 + -2210?
1311032
In base 3, what is -1222200102 + 22?
-1222200010
In base 12, what is -15 - -1a2?
189
In base 8, what is -23617 + 342?
-23255
In base 3, what is -12 - -20002221010?
20002220221
In base 13, what is -13c + b1?
-5b
In base 11, what is -3739 - 110?
-3849
In base 5, what is 3 + 13112411?
13112414
In base 10, what is -1646831 + -2?
-1646833
In base 15, what is 67 + 188?
200
In base 2, what is -10 + 110101010101?
110101010011
In base 13, what is 127c - 2b9?
c93
In base 14, what is 0 - -535?
535
In base 5, what is -20241 - -2431?
-12310
In base 12, what is -4abb9 - -59?
-4ab60
In base 9, what is 333834 + -26?
333807
In base 6, what is -40 - -22032?
21552
In base 9, what is -28 - -14435?
14406
In base 7, what is 621 - -30316?
31240
In base 8, what is -70 + 3404?
3314
In base 15, what is -115b + a?
-1151
In base 2, what is -10001 + 110101?
100100
In base 3, what is 12 + 12202101?
12202120
In base 11, what is 1 - -135581?
135582
In base 5, what is 333 - -201?
1034
In base 3, what is 12022012111 + 2?
12022012120
In base 11, what is -3452 + -3?
-3455
In base 6, what is -1 - -1443235?
1443234
In base 15, what is -2c1 - -e?
-2b2
In base 16, what is 3 - 4d01?
-4cfe
In base 16, what is 2 + 2b3e6?
2b3e8
In base 7, what is 20441 - -45?
20516
In base 12, what is 5 + 329b?
32a4
In base 11, what is 5105 - 3?
5102
In base 5, what is 4112031 + 10?
4112041
In base 7, what is -103164 - -105?
-103056
In base 10, what is -1 + 492002?
492001
In base 2, what is -101101011101 - 10?
-101101011111
In base 5, what is 1131 + -1100?
31
In base 12, what is -16 + 7658a?
76574
In base 5, what is -103310 + -31?
-103341
In base 13, what is 11610 + 1?
11611
In base 7, what is 40 + 1063562?
1063632
In base 5, what is 10 + 332321100?
332321110
In base 2, what is -11101001 + -101010?
-100010011
In base 2, what is -1100010010011010000 - 0?
-1100010010011010000
In base 5, what is 10014 - -13324?
23343
In base 3, what is -100 + -2222012010?
-2222012110
In base 14, what is -11314a + -4?
-113150
In base 5, what is -112024 + 33?
-111441
In base 5, what is -31444140 + 10?
-31444130
In base 3, what is -11 - -111121101?
111121020
In base 10, what is -5 - -592127?
592122
In base 16, what is -4bf - -e5?
-3da
In base 4, what is 1 + 1031231?
1031232
In base 4, what is 20213 - 11121?
3032
In base 4, what is -131 - 1231130?
-1231321
In base 7, what is -1 + -2340653?
-2340654
In base 16, what is -e3 + 12?
-d1
In base 10, what is 8579 + -74?
8505
In base 14, what is -10 + -a8?
-b8
In base 11, what is 2 - -18743?
18745
In base 2, what is 1 + -111100110?
-111100101
In base 2, what is 110011001011 - 10011?
110010111000
In base 8, what is 3 - 31700?
-31675
In base 3, what is 20202101100 + 11?
20202101111
In base 5, what is -123143 - 41?
-123234
In base 8, what is 307701 - 5?
307674
In base 10, what is -4 + 625?
621
In base 8, what is -13 - 354?
-367
In base 2, what is 100100010100 - 1111?
100100000101
In base 6, what is 4 + -100331141?
-100331133
In base 2, what is -1010000101000100101 - 10?
-1010000101000100111
In base 11, what is 4 + -2a299?
-2a295
In base 10, what is -5 - 1240?
-1245
In base 10, what is 15 + -703?
-688
In base 4, what is 0 - 3311031122?
-3311031122
In base 10, what is 0 + -1232814?
-1232814
In base 9, what is -4 + 274648?
274644
In base 13, what is 22 - 2a6b?
-2a49
In base 4, what is -101220 - 1020?
-102300
In base 6, what is 10515 + -1402?
5113
In base 15, what is 2 - 186bc?
-186ba
In base 7, what is 43565041 + 4?
43565045
In base 10, what is 12 + -100264?
-100252
In base 11, what is 3 + -30619?
-30616
In base 5, what is -413032 + 12?
-413020
In base 10, what is 692 - -379?
1071
In base 14, what is 3d55 - a3?
3c92
In base 12, what is -8874 - -462?
-8412
In base 10, what is -204 + -315?
-519
In base 16, what is -83eb + 4?
-83e7
In base 15, what is -2c76b - -4?
-2c767
In base 14, what is -77 - -8db?
864
In base 7, what is 110020 + 34?
110054
In base 14, what is c - 19a2d?
-19a21
In base 9, what is -143800 - 4?
-143804
In base 16, what is -1 + -1b8f0?
-1b8f1
In base 9, what is -6 + 312271?
312264
In base 10, what is 417 - 183?
234
In base 16, what is -17680 - 2?
-17682
In base 8, what is -16760 - 15?
-16775
In base 